t of f?
3
Let s(d) = -d**2 - 8*d + 6. Let q be s(-6). Suppose -3*h + a = -q, 12 = 2*h + h + a. Suppose -h*l = -93 - 37. What is the units digit of l?
6
Suppose 3*f - 1536 + 117 = 0. What is the units digit of f?
3
Suppose 28*m - 252 = 26*m. Suppose -3*h - h = 2*f - 116, -h = -2*f + m. What is the tens digit of f?
6
Suppose -3*h + 5132 = 4*f - 1495, -4*f = 12. What is the units digit of 0 - (18/99 + h/(-11))?
1
Let w(k) = 2*k**2 - 57*k - 98. What is the units digit of w(-29)?
7
Let v(b) = 5*b + 4 - 5 + 24 + 9 + b**2. What is the tens digit of v(8)?
3
Let f be 0 + -58 + 1 + -2. Let z = 64 + f. What is the units digit of z?
5
Suppose -25*b - 8648 = -5*v - 27*b, 5*v = -b + 8649. What is the thousands digit of v?
1
Let a = -14 - -18. Let g be (-3)/a*-4 + 46. Let j = g - 22. What is the tens digit of j?
2
Let m(f) = 4*f**2 + 2*f - 37. What is the units digit of m(5)?
3
Let k = 1106 - 630. What is the units digit of k?
6
Suppose -4*v = -3*a + 207, -v + 6*v - 4*a + 258 = 0. Let l be (3 - 0) + (4 - v). Suppose -16 = 5*m - l. What is the units digit of m?
9
Suppose 13051 = -65*u + 60956. What is the hundreds digit of u?
7
What is the units digit of 193*36/28 - (-10)/(-70)?
8
Let z be 2 - 1*(-8)/4. Suppose -z*c + 200 + 344 = 0. What is the tens digit of c?
3
Suppose 8*l = 10*l + 3*x - 1117, 3*l - 2*x - 1643 = 0. What is the hundreds digit of l?
5
Let h = 1128 - 499. What is the tens digit of h?
2
Let b(r) = 14*r + 3. Let h be b(8). Let o = h + -40. What is the tens digit of o?
7
Suppose -x + 4*n + 356 = n, 4*n - 342 = -x. What is the units digit of x?
0
Let o(l) = -l - 5. Let a be o(-10). Suppose -5*z + 530 = q, a*z - 318 = 2*z + 3*q. What is the units digit of z?
6
Let l be 0 - 2 - -2 - -4. What is the tens digit of 2 + (l + -4 - -10)?
1
Let l be -2*1/(2/(-3)). Let c(t) = -t**2 + 6*t - 6. Let w be c(4). Suppose -l*d = w*o + o - 90, 26 = o + 3*d. What is the tens digit of o?
3
Suppose -7*w - 33 = -47. Suppose w = 3*s + 5, -4*s - 52 = -4*a. What is the tens digit of a?
1
Let c = 12 - -4. Suppose 0 = 3*t + c - 82. Let y = t + 29. What is the tens digit of y?
5
Let w(s) be the first derivative of -s**3/3 + 2*s**2 + 7*s - 8. Let l be w(5). Suppose -4*r - 2*b + 75 + 31 = 0, l*r + 2*b = 56. What is the tens digit of r?
2
Let c be (-11)/(-5) - (-7)/(-35). Let i(w) = 4*w + 6*w - w + 0*w. What is the units digit of i(c)?
8
Let s(i) = 163*i + 585. What is the hundreds digit of s(10)?
2
Let m(s) = -9*s**3 + 2*s**2 - 58*s - 25. What is the thousands digit of m(-8)?
5
Let g(a) = a**2 + 11*a + 86. What is the units digit of g(-36)?
6
Let v(c) = 143*c + 162. What is the tens digit of v(8)?
0
Suppose t = -o + 1571, -17*o + 12*o = t - 1563. What is the units digit of t?
3
Let y be ((-18)/4 - -3)*(-10)/3. Suppose -y*m + 5*d + 13 = -292, -158 = -3*m - 2*d. What is the units digit of m?
6
Let d = 6 - 14. Let x(j) be the second derivative of -5*j**3/6 - 2*j**2 + 7*j. What is the units digit of x(d)?
6
Suppose 2*h + 32 = -38. Let z = 25 + h. What is the units digit of (12/(-15))/(z/425)?
4
Let f be -2 + 16/6 + (-1090)/6. Let p = 11 - f. What is the hundreds digit of p?
1
Suppose -s + 3444 = 4*x, 0 = 210*s - 213*s - x + 10277. What is the hundreds digit of s?
4
Let n be 66/14 - (-6)/21. Suppose 4*y + 582 = n*l + 111, 2*y + 281 = 3*l. What is the tens digit of l?
9
Let t be (-2)/7 + (3 - (-19)/(-7)). Suppose 2*d - 4*p + 8 = 0, t*d - 3*d + 3*p = 0. What is the units digit of d?
4
Let w = -154 + 239. What is the tens digit of w?
8
Let y(j) = j**2 + 7*j + 11. Let b = -14 + 8. What is the units digit of y(b)?
5
Suppose -6*r - 21*r + 31212 = 0. What is the thousands digit of r?
1
Suppose 5 = -5*f + 25. Let l(z) be the first derivative of -z**4/4 + 5*z**3/3 - 2*z**2 + 2*z - 19. What is the units digit of l(f)?
2
Suppose 0 = -3*t + 4*t - 2. Let x be (-1 + 0)/(t/(-36)). What is the units digit of (45/27)/(2/x)?
5
Let r = 2146 - 173. What is the hundreds digit of r?
9
Suppose 0 = -5*l - m + 8 + 1187, -3*l + 2*m + 717 = 0. What is the units digit of l?
9
Let p(m) = m**2 - 4*m + 3. Let b be p(5). Suppose 0 = 2*f - 3*s + 5*s - 18, -f - 4*s = -24. Let n = b + f. What is the tens digit of n?
1
Let p = -7 - -7. Suppose -3*v - 111 = -3*d, -d = -p*v + 3*v - 33. What is the tens digit of d?
3
Let l(k) = -6*k**2 - 3*k + 3. Let t be l(-3). Let r = -10 - t. What is the tens digit of r?
3
What is the hundreds digit of 8/12*(-4 + -1 - -2438)?
6
What is the units digit of 1 + (-2)/2 - -1002?
2
Let v(y) = -4*y + y + 2*y - 10. Let z be v(-6). What is the units digit of (15 - 0)*(z - -6)?
0
Suppose -7 = 2*t - 43. What is the tens digit of 2007/t - 1/2?
1
Suppose 3*z = -4*o + 7*z + 224, 4*z = 4. Suppose -27 = -k + o. What is the tens digit of k?
8
Let j(p) = -p**3 - 14*p**2 + 4. Let q be j(-14). What is the tens digit of 267/q + 1/4?
6
Suppose 0 = 3*b + 27 + 9. Let f be (-1)/3 - 64/b. Suppose f*d - 12 = 18. What is the units digit of d?
6
Suppose -47*k = -7856 - 167313. What is the thousands digit of k?
3
Let l be 80/9 - 6/(-54). Suppose l*t = 13*t - 192. What is the tens digit of t?
4
Let k = 147 - 251. What is the units digit of k/(-10) - 4/10?
0
Suppose -19*u = -18*u. Suppose u*d + 3*s = 2*d - 24, -3*s = 12. What is the units digit of d?
6
Let c(u) = -43*u**2. Let i be c(-1). Let o = 22 + i. Let x = o + 30. What is the units digit of x?
9
Let z = 396 - 937. Let j = 771 + z. Suppose 183 + j = 7*u. What is the tens digit of u?
5
Let k = 375 - 109. What is the units digit of k?
6
What is the hundreds digit of (-64107)/(-135) - (-3 + (-43)/(-15))?
4
Suppose l - 1 - 3 = 0. Suppose -2*s + 0*u = -u - 28, 3*u - 46 = -l*s. What is the tens digit of s?
1
Let y(m) = -m**3 + 32*m**2 - 42*m + 51. What is the tens digit of y(30)?
9
Let j(s) = -s. Let i(l) = 3*l**2 - 51*l + 40. Let m(t) = i(t) - 6*j(t). What is the tens digit of m(18)?
0
Suppose -4*n + 53*n - 247205 = 0. What is the tens digit of n?
4
Let r be (-60)/45*(-6)/(-4). What is the units digit of (-1)/(2/116*r)?
9
Let p(u) = -6*u - 5. Let o be p(3). Let v = o - -27. Suppose -v*n - f = -25, n + 4*n = 4*f + 26. What is the units digit of n?
6
What is the units digit of 5 - 2*(-359)/2?
4
Let t(p) = -52*p + 26. Let r be t(-7). Let f = r - 144. What is the units digit of f?
6
Let f = -361 + 811. What is the tens digit of f?
5
Suppose -2*i = -56*h + 54*h - 4062, h + 8124 = 4*i. What is the thousands digit of i?
2
Let d(j) = -5*j - 5. Let o be ((-2)/(-3))/(20/90). Let b be 25/(-3) - o/(-9). What is the units digit of d(b)?
5
Suppose 5*y + 232 - 70 = h, 0 = -3*h - y + 422. Suppose h = 5*x - n - 112, 5*x - 3*n = 262. What is the tens digit of x?
5
Let s(i) be the third derivative of i**6/720 + i**5/12 + 5*i**4/12 + i**2. Let d(o) be the second derivative of s(o). What is the tens digit of d(4)?
1
Let u(j) be the second derivative of 8*j**3/3 + 7*j**2/2 + 3*j. Suppose -4*p = 4*i - 32, -5*p + 23 + 5 = i. What is the tens digit of u(i)?
5
Suppose -7*b - 3*b = -7390. What is the tens digit of b?
3
Suppose -4*y = 15*y - 760. What is the units digit of y?
0
Let b(m) = m**3 + 17*m**2 - 18*m - 4. Let t be b(-18). What is the units digit of 6050/33 + t/(-6)?
4
Let b = -129 - -818. What is the units digit of b?
9
Let k = -17 + 22. Let c(a) = 24*a + 5. Let b be c(k). Let j = b - 89. What is the tens digit of j?
3
Let w = -54 + 42. What is the tens digit of 22/(-4)*(-35 + (w - -7))?
2
Let f = 90 - -111. What is the hundreds digit of f?
2
Let k(h) = -h**2 - 19*h - 29. Let x be k(-17). Suppose -593 = -x*p - 138. What is the tens digit of p?
9
Suppose -n = n - 22. Suppose 0*g = 4*g - 60. Suppose -g = -a - 5*i, 0 = a - 2*i + 3 - n. What is the tens digit of a?
1
Let v(n) = -93*n - 11. Let x be v(-2). Suppose -4*h = 3*z - 218, 5*z + h - 160 - x = 0. What is the units digit of z?
6
Let u(h) = -h**3 - 5*h**2 + h + 6. Let b be u(-5). Suppose 3*v + 1932 = 6*v. What is the units digit of b/3 + v/12?
4
Let v be (-8514)/(-27) - (-2)/3. Suppose 7*w - 650 - v = 0. What is the tens digit of w?
3
Let m(p) = 2*p**2 + 53. Let l be m(0). Suppose -65 = -j + l. What is the tens digit of j?
1
Let l(v) be the second derivative of -v**4/12 - 4*v**3/3 + v**2 + 16*v. What is the tens digit of l(-6)?
1
Suppose 2*u - 56 = -154. Let p be (-3)/(-2)*-2 - u. Suppose 0 - p = -2*x. What is the units digit 